se 16, what is -2c4 + 362?
9e
In base 13, what is -2 - -3090a50?
3090a4b
In base 10, what is -3513963 + -1?
-3513964
In base 5, what is -2031041 - -1141?
-2024400
In base 8, what is -1162503 - -24?
-1162457
In base 5, what is 324421242440 - -4?
324421242444
In base 10, what is 3 + 91749538?
91749541
In base 12, what is 95b + -5095?
-4336
In base 8, what is -36432111 - 4?
-36432115
In base 8, what is -4327223 + -16?
-4327241
In base 16, what is 3dad1de + -3?
3dad1db
In base 13, what is 11cca933 - 4?
11cca92c
In base 12, what is -227 - 9910a?
-99335
In base 3, what is 1011100021 - 1011?
1011022010
In base 8, what is 142 - -134357?
134521
In base 2, what is -10000 + -111111011110001110?
-111111011110011110
In base 8, what is 1374424 + 5?
1374431
In base 3, what is 2 - 100021021001000?
-100021021000221
In base 8, what is 251262 + 2316?
253600
In base 4, what is -210211 + -2333133?
-3210010
In base 7, what is 2 + 155510145?
155510150
In base 2, what is -1100 - 1001100001110000010?
-1001100001110001110
In base 4, what is 0 + 102312113032?
102312113032
In base 3, what is -22 + -101211222202020?
-101211222202112
In base 10, what is 2 - 2683435?
-2683433
In base 5, what is -203 - -303002141?
303001433
In base 14, what is a3 + 5ca50?
5cb13
In base 6, what is 54120254030 - 4?
54120254022
In base 2, what is 111000111100 + 100001111000001?
101000111111101
In base 4, what is -10312222031 + -332?
-10312223023
In base 12, what is -16 - -9bb92?
9bb78
In base 2, what is 1011011 + -1010111001010111?
-1010110111111100
In base 8, what is 75421 + 17777?
115420
In base 9, what is -2 + 311511303?
311511301
In base 12, what is 27a6 + -8b?
2717
In base 15, what is -642b6b - -5?
-642b66
In base 15, what is -6d7a - -307?
-6a73
In base 9, what is -2753080 + -44?
-2753134
In base 14, what is 14c + -3a068?
-39d1a
In base 9, what is 4 + -144763?
-144758
In base 6, what is -1022220150 - 20?
-1022220210
In base 7, what is -1143413 - -302?
-1143111
In base 8, what is -41 - 2312121?
-2312162
In base 4, what is 102000300 - 110?
102000130
In base 7, what is -612055025 - -6?
-612055016
In base 13, what is 34a55ab - 2?
34a55a9
In base 5, what is 3200 + 440310?
444010
In base 7, what is -1534 + -4235?
-6102
In base 4, what is 100223131333 + 313?
100223132312
In base 2, what is 10000000011000111010 - 0?
10000000011000111010
In base 3, what is -2 + 10210122201100?
10210122201021
In base 2, what is 101011 - -10100011010011001?
10100011011000100
In base 6, what is 205513033 + -314?
205512315
In base 9, what is 37828508 - 2?
37828506
In base 12, what is -350 - -7a5?
455
In base 8, what is 136266214 + 0?
136266214
In base 13, what is 191 - -97189?
9734a
In base 7, what is 406061 - -46464?
455555
In base 7, what is 3 + -23426145?
-23426142
In base 13, what is -151 + -4502a?
-4517b
In base 12, what is -1a9 + -608?
-7b5
In base 3, what is 2111101 + 1021210200?
1101022001
In base 5, what is 334 - -2114243120?
2114244004
In base 3, what is -101201011201 + 2022001?
-101121212200
In base 9, what is 1245 + -7106?
-5751
In base 16, what is 436a558 + 0?
436a558
In base 11, what is -8416 + -4a59a?
-57a05
In base 5, what is -1212114443 - 0?
-1212114443
In base 14, what is 9 + -25c003?
-25bdd8
In base 3, what is -212012110010 - -12?
-212012102221
In base 10, what is -23270965 + -17?
-23270982
In base 3, what is -2 - -11010002011121?
11010002011112
In base 3, what is 120201021 + -20201?
120110120
In base 16, what is -422058 + -a?
-422062
In base 13, what is 657 - 1a6199?
-1a5842
In base 10, what is -282907 - -18?
-282889
In base 16, what is -4 + f56af7?
f56af3
In base 15, what is 78657 + 33?
7868a
In base 7, what is 12053 - 366?
11354
In base 10, what is 4229 - -154765?
158994
In base 14, what is 287c8 - 73?
28755
In base 9, what is 41 - -4336164?
4336215
In base 15, what is -4c + 61b45?
61ae8
In base 14, what is 17a1 - 4d8?
12a7
In base 3, what is -1121202 - 22110110?
-101002012
In base 10, what is 3 - -1180391?
1180394
In base 13, what is c - b72279?
-b7226a
In base 16, what is -a1 - 191ac1?
-191b62
In base 11, what is 7 - -33a5342?
33a5349
In base 9, what is -6084 + 266?
-5717
In base 12, what is 36563 + 615?
36b78
In base 7, what is -436 + -46346?
-50115
In base 10, what is 4046782 - 98?
4046684
In base 2, what is -1 + -11000000001010010101?
-11000000001010010110
In base 6, what is -11402 + -10243?
-22045
In base 3, what is -22110202101201 - -12020?
-22110202012111
In base 13, what is 1475b - 6bb?
14070
In base 9, what is 10317 - 51635?
-41317
In base 14, what is -3b52202 + -3?
-3b52205
In base 13, what is b - -10c67c6?
10c6804
In base 12, what is -4b5b9632 - 1?
-4b5b9633
In base 2, what is -1000101100001000 + 1010111000001?
-111010101000111
In base 16, what is -4e + 10714b?
1070fd
In base 5, what is -34402422 + 143?
-34402224
In base 16, what is -316cb1 - 15f?
-316e10
In base 16, what is 12d8 - 4cb?
e0d
In base 5, what is -12313214 + -10?
-12313224
In base 14, what is 1a5 - 3dc4b?
-3da86
In base 7, what is -163 + 5125?
4632
In base 12, what is -25586b + 56?
-255815
In base 14, what is -6773 - -d93?
-57c0
In base 13, what is 179291 + 5a?
17931b
In base 6, what is 1105 - -11514015?
11515124
In base 14, what is 847b1c + -60?
847a9c
In base 10, what is 36163 - -133?
36296
In base 16, what is -3 - -4aabf9?
4aabf6
In base 12, what is 6a689 - -509?
6ab96
In base 12, what is -62617 - 3292?
-658a9
In base 9, what is 40453377 - -5?
40453383
In base 4, what is -1032103 - 110001?
-1202110
In base 6, what is 31513205 + -130?
31513035
In base 10, what is -895 - 245331?
-246226
In base 14, what is -743 + 89731?
88dcc
In base 12, what is 432467 + -8a?
432399
In base 8, what is 21 + 46465670?
46465711
In base 8, what is -20252473 + -1?
-20252474
In base 4, what is 2302102203101 - 2?
2302102203033
In base 13, what is 1 + -24910964?
-24910963
In base 2, what is 1101001110011101110010 + -10010110?
1101001110011011011100
In base 4, what is -2331310 - -1001220?
-1330030
In base 5, what is -3134 - 2100041?
-2103230
In base 15, what is 4a + -2d907?
-2d8ac
In base 6, what is 111101142 + 1?
111101143
In base 14, what is 1c08573 + 2?
1c08575
In base 10, what is -7587963 - -80?
-7587883
In base 15, what is 3 - -415372?
415375
In base 13, what is 18204 + c?
18213
In base 7, what is -42634522 - 4?
-42634526
In base 13, what is -74257c8b + -5?
-74257c93
In base 12, what is -1219 - 49aa?
-6007
In base 5, what is -103100201413 - 4?
-103100201422
In base 11, what is 17a + 4306a1?
430870
In base 4, what is 1033132333 - -30?
1033133023
In base 10, what is -5 - 45456492?
-45456497
In base 2, what is -11000110010000001101101000 + -10?
-11000110010000001101101010
In base 12, what is -13 - -99347a?
993467
In base 11, what is -7935 + -34a35?
-4186a
In base 8, what is -62422 + -4?
-62426
In base 2, what is 100111000111100101001 + -1000011?
100111000111011100110
In base 8, what is -110367 + 116?
-110251
In base 3, what is 120212112011 - -10120?
120212122201
In base 6, what is -1101 - -1402552?
1401451
In base 10, what is 93969 - -2498?
96467
In base 15, what is -b44d1 - 322?
-b4803
In base 6, what is -302504 + 530?
-301534
In base 9, what is -1318 + -50734?
-52153
In base 5, what is 2 + -3114223102?
-3114223100
In base 2, what is 1 + 100101011101011011111010100?
100101011101011011111010101
In base 14, what is 3c64328 + 2?
3c6432a
In base 5, what is -12002444144 - 1?
-12002444200
In base 5, what is 44411 - -103233433?
103333344
In base 3, what is -120202101220 + -1001211?
-120210110201
In base 15, what is 1 - -903b33?
903b34
In base 5, what is -1 - -202223021212?
202223021211
In base 7, what is 6 - 312533?
-312524
In base 7, what is -436033 + -1462?
-440525
In base 10, what is 10062397 + -1?
10062396
In base 16, what is c0ece7 - 4?
c0ece3
In base 12, what is 3 - -3084466?
3084469
In base 14, what is -47d432a + 4?
-47d4326
In base 12, what is 1150a45b0 - 4?
1150a45a8
In base 6, what is 124324342 - 100?
124324242
In base 13, what is 7ac015 + -c?
7ac006
In base 9, what is 81763 + 1636?
83510
In base 5, what is 4 - 112032100111?
-112032100102
In base 7, what is -10 + 26140225?
26140215
In base 5, what is -34313241 + -12?
-34313303
In base 12, what is -2 + -21ba31?
-21ba33
In base 7, what is 652606 - 11?
652565
In base 5, what is -243120432 